*b + 19. Give j(-2).
-5
Let s(d) = 20*d**2 - 4*d - 3. What is s(-1)?
21
Let q(d) = -6*d**3 + 2*d**2 - 5*d + 2. Determine q(-2).
68
Let n(k) = -2*k**3 - 10*k**2 - 2*k - 8. Calculate n(-5).
2
Let t(r) = -r**2 - r + 6. What is t(-2)?
4
Let b(o) = 4*o - 11. What is b(8)?
21
Let w(a) = -a**3 + 9*a**2 + 11*a - 11. What is w(10)?
-1
Let b(r) = r**3 + 7*r**2 + 11*r + 5. Give b(-4).
9
Let v(m) = -m**2 - m - 2. Give v(-2).
-4
Let t(u) = u - 50. What is t(27)?
-23
Let c(k) = 4*k - 7. Give c(5).
13
Let d(c) = c**2 - 2*c - 29. Give d(0).
-29
Let b(k) = -k**2 - 9*k - 13. Give b(-7).
1
Let c(t) = -t**3 + 3*t**2 + 2*t - 2. Give c(4).
-10
Let t(z) = -z**2 + 2*z - 23. Calculate t(0).
-23
Let a(u) = -u**2 + 4*u + 2. Calculate a(6).
-10
Let a(c) = c**3 + 9*c**2 + 7*c + 6. What is a(-8)?
14
Let f(n) = -2*n**3 - 2*n**2 - n. Give f(-1).
1
Let n(z) = -z**3 + 4*z**2 - 7. Give n(3).
2
Let s(o) = -o - 1. Determine s(-8).
7
Let t(h) = -h**3 - 26*h**2 + 154*h - 30. What is t(-31)?
1
Let s(p) = -11*p + 19. Determine s(-5).
74
Let m(w) = -12*w**2 - 6*w - 6. Give m(-1).
-12
Let x(d) = d**2 + 15*d + 5. Calculate x(-15).
5
Let j(v) = -3*v**2 + 18*v - 24. Give j(6).
-24
Let l(k) = -2*k**2 + k + 8. Give l(-3).
-13
Let l(c) = 2*c - 7. Give l(5).
3
Let g(n) = n**2 - 9*n. Determine g(5).
-20
Let x(y) = y**3 - 1. What is x(-2)?
-9
Let p(u) = 5*u**2 - 24*u + 7. Give p(7).
84
Let l(c) = 2*c**2 + 57*c + 38. Give l(-28).
10
Let g(m) = 4*m**2 + 3*m + 2. Calculate g(-1).
3
Let n(w) = -7*w - 28. Determine n(-9).
35
Let b(w) = -4*w**2 + 3*w - 10. Determine b(4).
-62
Let o(i) = -2*i - 7. Determine o(-6).
5
Let k(z) = -21*z**2 - 7*z - 5. Determine k(-2).
-75
Let q(k) = k**3 + 20*k**2 + 34*k - 35. What is q(-18)?
1
Let a(c) = c - 24. What is a(-4)?
-28
Let n(f) = f**3 + 2*f**2 + 3*f - 3. Calculate n(2).
19
Let o(x) = -6*x + 70. Calculate o(11).
4
Let j(t) = t**2 - 6*t + 7. Give j(3).
-2
Let u(i) = -i - 13. Determine u(-2).
-11
Let f(q) = -11*q**2 + 2*q + 2. What is f(-1)?
-11
Let y(n) = -n**3 + 6*n**2 - 7*n + 4. What is y(4)?
8
Let m(t) = 4*t - 4. What is m(2)?
4
Let m(x) = -12*x + 151. Determine m(10).
31
Let i(a) = -a**3 - 7*a**2 - 7*a. Calculate i(-7).
49
Let o(l) = 7*l - 7. Determine o(2).
7
Let c(w) = 6*w - 23. Determine c(2).
-11
Let p(u) = 3*u + 39. Give p(0).
39
Let l(z) = 62*z - 134. Determine l(2).
-10
Let x(h) = -6*h**2 - 28*h + 5. Give x(-5).
-5
Let x(s) = -9*s**2 - 6*s - 6. Calculate x(-1).
-9
Let j(w) = 15*w + 5. Give j(1).
20
Let d(r) = 2*r**2 + 120*r + 110. What is d(-59)?
-8
Let q(y) = -2*y**2 + 27*y - 19. Determine q(13).
-6
Let b(m) = -88*m + 3. Calculate b(1).
-85
Let h(s) = -26*s**2 + s + 3. What is h(-1)?
-24
Let l(i) = 24*i. What is l(2)?
48
Let i(f) = f**3 - 23*f**2 + 19*f + 58. Determine i(22).
-8
Let m(z) = -56*z - 4. Calculate m(1).
-60
Let h(b) = -2*b**2 + 8*b + 5. What is h(7)?
-37
Let y(i) = 7*i**3 - 3*i**2 + 4*i - 1. What is y(1)?
7
Let h(k) = -38*k**2 - k - 1. Determine h(-1).
-38
Let i(o) = -80*o + 557. What is i(7)?
-3
Let r(t) = t**3 + 8*t**2 + 14*t - 24. Give r(-7).
-73
Let n(g) = g**3 - 12*g**2 + 14*g + 4. Calculate n(11).
37
Let u(y) = y**3 - 5*y**2 + y + 6. What is u(5)?
11
Let h(q) = -q**3 + 14*q**2 - 35*q - 18. Determine h(4).
2
Let c(u) = u + 1. Give c(-4).
-3
Let j(s) = -s**3 - 19*s**2 - 32*s + 1. Determine j(-17).
-33
Let o(d) = -26*d - 11. Determine o(-1).
15
Let s(m) = -m**3 - 26*m**2 - 6*m - 159. What is s(-26)?
-3
Let x(h) = -11*h + 41. Calculate x(10).
-69
Let t(a) = a**3 - 33*a**2 + 89*a + 30. Determine t(30).
0
Let k(s) = -s**2 - 11*s + 4. What is k(-9)?
22
Let w(t) = 17*t + 30. What is w(-6)?
-72
Let a(f) = 2*f - 13. Give a(10).
7
Let p(x) = x**3 - 14*x**2 + 46*x + 3. What is p(8)?
-13
Let s(z) = -z**3 + 16*z**2 - 6. Calculate s(16).
-6
Let q(h) = h**3 - h**2 - 12*h + 6. Calculate q(5).
46
Let k(z) = 7*z - 20. Give k(2).
-6
Let u(t) = -2*t**3 + 52*t**2 + 54*t - 8. Give u(27).
-8
Let j(n) = 157*n - 2. Calculate j(1).
155
Let x(o) = 13*o + 5. Determine x(-11).
-138
Let c(w) = w**3 - 41*w**2 + 113*w + 35. Determine c(38).
-3
Let x(t) = t**2 - 11*t - 54. Give x(15).
6
Let y(w) = -5*w**2 - 7*w - 16. Give y(-5).
-106
Let l(m) = 4*m**3 - 3*m**2 + 30*m + 32. What is l(-1)?
-5
Let s(x) = x + 6. Calculate s(-1).
5
Let n(u) = u**2 + 13*u + 23. Determine n(-10).
-7
Let m(q) = -q**2 + 5*q + 4. Calculate m(4).
8
Let x(w) = 7*w + 44. Give x(-8).
-12
Let w(c) = c**2 + 7*c - 2. What is w(-8)?
6
Let g(h) = 13*h - 148. Determine g(11).
-5
Let k(v) = -87*v + 1475. Calculate k(17).
-4
Let u(v) = v**2 - 29*v + 15. Calculate u(29).
15
Let h(j) = -40*j + 206. Give h(5).
6
Let v(l) = -25*l + 1104. What is v(44)?
4
Let x(u) = 3*u - 28. Give x(11).
5
Let c(l) = -l**2 - 4*l + 6. What is c(2)?
-6
Let p(z) = -z**3 + 7*z**2 + 6*z - 4. Give p(7).
38
Let n(h) = 2*h**3 - 4*h**2 + 4*h - 1. Determine n(2).
7
Let s(t) = -8*t**2 - 9*t - 9. Determine s(-1).
-8
Let d(q) = q**3 - 6*q + 3. Give d(5).
98
Let f(c) = -4*c + 74. Calculate f(20).
-6
Let b(w) = -w**3 + 9*w**2 + 44*w + 110. What is b(13)?
6
Let b(c) = -c**3 - 4*c**2 - 3*c - 3. Calculate b(0).
-3
Let g(h) = h**3 - 9*h**2 - 3*h - 13. Determine g(9).
-40
Let l(q) = q**2 - 29*q - 9. Determine l(30).
21
Let m(w) = w**2 - 22*w + 4. What is m(24)?
52
Let r(s) = 2*s - 28. Determine r(7).
-14
Let h(k) = -3*k**2 - 35*k - 22. What is h(-11)?
0
Let n(j) = 2*j**2 + 2*j - 17. What is n(0)?
-17
Let r(t) = -25*t**2 - 2*t - 1. Calculate r(-1).
-24
Let d(n) = 2*n**3 + n**2 + n - 4. Give d(-3).
-52
Let i(v) = 2*v**3 - 12*v**2 - 52*v + 325. Give i(6).
13
Let g(t) = -4*t - 119. Give g(-28).
-7
Let c(x) = -x**3 - 13*x**2 - 11*x + 2. Give c(-12).
-10
Let v(j) = 17*j - 48. What is v(4)?
20
Let y(c) = -45*c**2 - 3*c + 3. Calculate y(1).
-45
Let j(k) = k**2 - 4*k + 1. Determine j(3).
-2
Let y(x) = 7*x + 20. Give y(-7).
-29
Let t(c) = 13*c**2 + c. Give t(1).
14
Let b(q) = -q**2 + q + 7. What is b(-5)?
-23
Let v(p) = 4*p - 7. What is v(2)?
1
Let h(t) = 2*t - 3. Determine h(1).
-1
Let k(t) = 9*t**2 - 2*t. Determine k(-1).
11
Let p(y) = 2*y - 5. Give p(0).
-5
Let q(s) = -2*s**2 - 2*s + 2. Calculate q(-5).
-38
Let j(u) = u**2 + 18*u + 71. Calculate j(-16).
39
Let w(c) = c**3 - c**2 - 2*c. Calculate w(2).
0
Let a(l) = 9*l - 13. Determine a(5).
32
Let x(r) = -r**2 + 8*r - 5. What is x(1)?
2
Let u(c) = -c**3 - c**2 + 2. Calculate u(-1).
2
Let d(s) = 19*s - 55. Determine d(4).
21
Let j(f) = 5*f - 28. Calculate j(0).
-28
Let s(o) = -2*o**2 - 14*o - 15. Determine s(-6).
-3
Let k(j) = -3*j**3 + 18*j**2 + 19*j + 16. What is k(7)?
2
Let x(c) = 2*c + 1. Determine x(10).
21
Let u(b) = b**3 + 8*b**2 - 13*b - 11. Give u(-5).
129
Let g(h) = -17*h + 13. Determine g(3).
-38
Let s(n) = -n**2 + n + 7. What is s(-9)?
-83
Let k(m) = m**3 + m**2 - 6*m + 1. What is k(-3)?
1
Let t(g) = 18*g**2 - 106*g - 13. What is t(6)?
-1
Let o(h) = -h**3 - 12*h**2 + 15*h + 164. Determine o(-12).
-16
Let i(z) = 3*z**2 - z - 3. Give i(5).
67
Let l(s) = -5*s - 67. What is l(-12)?
-7
Let i(w) = w**3 - 14*w**2 + 12*w + 22. What is i(12)?
-122
Let h(p) = -11*p**3 - 2*p**2 + 3*p - 5. Give h(2).
-95
Let y(h) = h**2 - 11*h + 13. Determine y(12).
25
Let y(z) = 2*z - 8. Give y(8).
8
Let s(r) = -4*r - 3. Give s(-2).
5
Let n(v) = 2*v**3 + v**2. Calculate n(-1).
-1
Let u(j) = -5*j + 6. What is u(-3)?
21
Let c(a) = -a**3 - 17*a**2 - 18*a + 37. Give c(-15).
-143
Let y(a) = -a**2 + 6*a. Give y(-5).
-55
Let c(q) = -q**2 - 5*q + 3. Calculate c(1).
-3
Let v(z) = -z**3 - 14*z**2 + 15*z - 15. What is v(-15)?
-15
Let h(u) = 39*u - 114. Determine h(3).
3
Let l(u) = -u**3 - 8*u**2 - 13*u + 9. What is l(-5)?
-1
Let o(v) = -6*v**2 + 53*v - 97. Determine o(6).
5
Let m(k) = -k - 24. Determine m(-6).
-18
Let n(a) = a**2 - 5*a - 40. Determine n(10).
10
Let l(t) = -2*t**3 - 8*t**2 + 19. Calculate l(-3).
1
Let r(v) = -v**3 - 4*v**2 - 6*v + 6. Give r(-5).
61
Let w(u) = -4*u - 55. Give w(-11).
-11
Let l(a) = -32*a - 4. Give l(-1).
28
Let x(a) = a - 1. What is x(-3)?
-4
Let t(i) = -2*i**2 - 6*i + 5. Give t(0).
5
Let t(r) = -r**3 - 4*r**2 + 3*r - 5. Calculate t(-5).
5
Let i(x) = x**2 - 9*x - 18. Give i(0).
-18
Let i(j) = 3*j + 17. Calculate i(-5).
2
Let v(t) = -t**3 - 7*t**2 + 21*t + 19. Determine v(-9).
-8
Let h(s) = -s**3 - 9*s**2 - 13*s - 7. What is h(-7)?
-14
Let c(p) = p + 9. Calculate c(-3).
6
Let h(x) = x**3 - 10*x